 - 11/(-2). Let r = x - 8. What is the units digit of 1/((-2)/(204/r))?
4
Suppose -2*r + r + 243 = 0. Let p = -121 + r. What is the hundreds digit of p?
1
Let v be 2 - (1 + 1) - -202. Suppose -2*i - 2*c + v = 0, 2*c = 4*i + c - 404. What is the tens digit of i?
0
Let h(l) = -4*l - 16. Let x be h(-7). Suppose -18*i + x = -6*i. What is the units digit of i?
1
Suppose -4*l + 1045 = 5*u - 9*l, 0 = -3*u - 4*l + 620. What is the hundreds digit of u?
2
Suppose -1825*o = -1829*o + 2772. What is the tens digit of o?
9
Let a = 1043 + -13. What is the tens digit of a?
3
Let t(r) = 10*r + 86. What is the hundreds digit of t(31)?
3
Let b(a) = 2*a**2 - 19*a - 26. Let u be (-18)/(-2) + (-19 - -23). What is the tens digit of b(u)?
6
What is the units digit of 54288/130 - ((-4)/10 + 0)?
8
What is the tens digit of (-6 + (-35)/(-6))*-6*1357?
5
Let q(v) = 3*v + 1. Suppose -j - 4*x + 9 = 0, x - 23 = j - 3*x. Let r be q(j). What is the tens digit of ((-4)/(-6))/(r/(-390))?
1
What is the tens digit of (0 + 10)*-956*(-8)/80?
5
Let k(i) = i**2 - 26*i + 26. Let j be k(28). Suppose 3*b - j = r, 76 = 3*b + 4*r - 31. What is the units digit of b?
9
Let a be (-3)/(-6) + 66/(-4) + 1. Let h = 13 - a. What is the tens digit of h?
2
Let a be 6 - (-1 + (6 - 2)). Suppose -7*g - 16 = -a*g. What is the tens digit of 315/20 - (-3)/g?
1
Let z = 2280 + -685. What is the tens digit of z?
9
Let n = 565 - -4. What is the tens digit of n?
6
Suppose -18*o + 6*o = 24. What is the hundreds digit of (-6840)/(-28) + o/7?
2
Let j be (-12 + 10)/(2/(-19)). What is the tens digit of j/57 + 62/3?
2
Suppose -1085 = -8*u + 307. What is the hundreds digit of u?
1
Let z be (-5)/((-20)/12) - 3. Suppose 2*v = -0*v + 8. Suppose -p = 3*y - 4*p - 30, z = -v*y - 3*p + 75. What is the tens digit of y?
1
Suppose 0 = -4*y + 26 - 82. What is the tens digit of y/21 - 454/(-6)?
7
Let x be 163/11 - 4/(-22). Let b(l) = 0 - l + x + 3*l. What is the units digit of b(14)?
3
Let r = 84 - 73. What is the hundreds digit of (r - 9) + 288/2?
1
Let b be ((-2)/(-4))/((-6)/(-24)). Suppose 3*p - 6 = 3. Suppose b*f - p*z = z - 14, -3*f + 5*z - 16 = 0. What is the units digit of f?
3
Let m be 3 + 3/3*-8. Let g be (-2)/m - (-4)/(-10). Suppose -2*l - 69 = -5*q + 39, g = q + 4*l - 4. What is the tens digit of q?
2
Let c(n) = n + 21. Let p be c(-18). Suppose 2*z = p*m - 12, 2*m = -3*m - 5*z + 20. Suppose m*i = i + 102. What is the tens digit of i?
3
Suppose -226 = 2*r - 568. What is the units digit of r?
1
Let q(x) = -17*x**2 + 3*x + 6. Let v be q(-3). Let r = -73 - v. What is the tens digit of r?
8
What is the tens digit of -5 - 4236/((-24)/4)?
0
Suppose 0 = -5*q + 22*q - 28390. What is the units digit of q?
0
Suppose -10 = -5*c + 5*n, -5*c + 2*n - n - 6 = 0. Suppose -v - 8 = -3*v. What is the units digit of (v + -2 - c) + 3?
7
Let m(q) = -q**3 - 8*q**2 + 7*q + 2. Let u be m(-5). What is the tens digit of (2*-1)/(8/u)?
2
Suppose n - 7 = -3*u - 15, -5*n - 3*u - 4 = 0. Let p(j) = 69*j**2 - 3*j + 2. What is the units digit of p(n)?
8
Suppose -3*l - 3*y + 37 = 2*y, 5*l = -2*y + 30. Suppose -l = -4*p, 3*d - 4*p - 286 = p. What is the tens digit of d?
9
Let z be 152 - (-2 - -3 - 0)*-1. Let q = z + -80. What is the tens digit of q?
7
Let j(p) = -18*p**3 + 3*p**2 - 30*p - 136. What is the thousands digit of j(-5)?
2
What is the tens digit of (-520)/64*-11 - (-3)/(-8)?
8
What is the hundreds digit of 1/(24/8 + 13402/(-4468))?
2
Let v(z) = -z**2 + 5*z + 8. Let n be v(7). Let p(x) = -x**2 - 5*x - 2. Let s be p(n). Let f(a) = -a**3 - 8*a**2 - 3*a - 10. What is the tens digit of f(s)?
1
What is the tens digit of (1 - 42/46) + 63656/92?
9
Suppose u - 5 = -12. Let x be u - -3 - (0 + 2). Let o = 0 - x. What is the units digit of o?
6
Let q(t) = -4*t. Let s be q(-2). Suppose 3*b - s*b = -p - 34, -5*p - 5*b = 20. What is the units digit of (138/p)/((-8)/12)?
3
Let w = 619 + 1079. What is the units digit of w?
8
Let m = 1922 - 1355. What is the tens digit of m?
6
What is the tens digit of 702/(-7 - 2)*(-162)/4?
5
Suppose -315*c = -305*c - 11580. What is the thousands digit of c?
1
What is the units digit of 3991 - (-7 + -1 - -5)?
4
Suppose 7 = 3*q - 5*t, -5*t + 3 - 16 = 3*q. What is the tens digit of (q/(-1))/((-3)/(-42))?
1
Let k(z) be the third derivative of -z**6/120 + 2*z**5/15 - z**4/12 + 728*z**2. Let x(v) = 6*v**2 + 2*v - 1. Let j be x(1). What is the units digit of k(j)?
5
Suppose 0 = 3*q, 5*x - 2*q + q = 1080. Suppose -5*s - 2*i = -x, s - 6*s + 4*i = -198. Suppose 0 = -5*g - s + 117. What is the tens digit of g?
1
Suppose 4*c - 67 = m, 5*m = 3*c + 2*c - 275. Let j = m + 88. What is the tens digit of j?
3
Suppose 4*c + 1710 = 13*c. What is the hundreds digit of c?
1
Let d(p) be the second derivative of -p**5/20 - p**4/2 - 3*p**3/2 - 7*p**2 + p. Let j = 40 + -46. What is the tens digit of d(j)?
4
Suppose -5*c + 4*b + 54 = 0, 14*c - 18*c + 64 = 2*b. What is the units digit of c?
4
Let x be (-3)/27 - (-56)/18. Suppose 0 = x*m, 0 = 2*k - k - 5*m - 68. What is the tens digit of k?
6
Let l = 18 + -16. Let u be 0*1*l/4. Suppose -4*d - 54 = -2*k, -k + u*k = -3*d - 27. What is the tens digit of k?
2
Let o(g) = 5*g - 1. Let t be 24/(-5) + 2/(-10). Let f be o(t). Let r = 76 + f. What is the units digit of r?
0
Let m = -161 + 370. What is the units digit of m?
9
Suppose 1216 = 3*s - 1205. What is the tens digit of s?
0
Let x = 17 + -12. Suppose -y = -x*y - 64. Let a = y - -28. What is the units digit of a?
2
Let z be (-1 + 4 - (-1)/1) + 191. Suppose 7*g + z = 10*g. What is the tens digit of g?
6
Let a be (-45)/(-3) + -2*1. Let n = -8 + a. Suppose -12 = -n*z + 13. What is the units digit of z?
5
Suppose -1 = u - 5, 31 = -3*b + u. Let p = 2 + -14. Let g = b - p. What is the units digit of g?
3
Suppose 0 = 3*w + 13 - 46. Let u = w - 18. What is the tens digit of u - -9 - (-38)/1?
4
Let d = 2 + 2. Suppose d*g + c - 153 = 0, g + g - 2*c - 74 = 0. Suppose o + 12 = g. What is the units digit of o?
6
Let f = -8 + 12. Let d = -4 - -6. Suppose -38 = -d*y + y - 4*g, f*y + 4*g - 92 = 0. What is the tens digit of y?
1
Suppose -3*f + 361 = -8. Let h = -8 + f. What is the units digit of h?
5
Suppose -4*s + 3*j + 58 = 0, 4*s + 5*j - 51 = 23. Suppose n - 39 = s. What is the tens digit of n?
5
What is the tens digit of 241 - 3 - (-9)/(-9)?
3
Suppose 4*x - 5 = 39. Let k(z) = -z**3 + 8*z**2 + z - 22. Let h be k(8). What is the units digit of -3*x*h/21?
2
Suppose 10*b = 13*b - 105. Suppose r - t - 42 = -19, -3*t = r - b. What is the tens digit of r?
2
Let b = 12842 - 8890. What is the units digit of b?
2
Let t(c) = -2*c + 635. What is the units digit of t(-29)?
3
Suppose 0 = 7*b - 5104 - 1217. What is the hundreds digit of b?
9
Let o(d) be the third derivative of 0*d + 1/24*d**4 + 10/3*d**3 + 6*d**2 + 0. What is the tens digit of o(13)?
3
Let l = 8 + -10. Let s be (-1)/l - 102/(-12). Let b(r) = -r**3 + 8*r**2 + 10*r + 8. What is the units digit of b(s)?
7
Suppose 4*n + 65 = 73. Suppose -b + 329 = n*g, 4*b + 6 = 6*b. What is the tens digit of g?
6
Suppose -4*g - 88 = 4*b, 0 = 4*g + 3*b + 9 + 76. Let k = 25 + g. What is the units digit of (-14)/21 - (-70)/k?
1
Suppose 2*j = 5*h + 1627, -2460 = -4*j + 2*h + 786. What is the units digit of j?
1
Suppose 37320 = -84*r + 108*r. What is the thousands digit of r?
1
Let k(d) = d**3 + 53*d**2 - 65*d - 151. What is the tens digit of k(-54)?
4
Suppose -100*k + 140*k = 87400. What is the tens digit of k?
8
Let a be (-6)/(-27) - 14/(-18). Let f be a - (-24 + -3 + 3). Suppose 0 = -3*j + 8*j - f. What is the units digit of j?
5
Suppose 5*j - 4*r = 2948, 2*r = -3 - 1. What is the units digit of j?
8
Suppose j = 3*g - 311 + 1011, 5*j - 3595 = -4*g. Suppose 3*t = k - 133, 4*t + t + j = 5*k. What is the hundreds digit of k?
1
Let l(b) = -5*b. Let h be (-30)/45 + 1/(-3). Let c be l(h). Suppose -5*m = c*t - 210, 6*m = 2*m + 5*t + 195. What is the units digit of m?
5
Let l = -7 + 8. What is the units digit of (l + 4 + -6)*-41?
1
Let q(f) = 7*f - 11*f + 20*f. What is the units digit of q(3)?
8
Let n be (0 - -267) + 4 + -6. Suppose -5*a - 2*j + 341 = 13, 4*a - n = j. What is the units digit of a?
6
Suppose 0 = 3*b + 4*h - 5, -3*b - 2*h = -4*b + 5. Let g(a) = 4*a - 7. Let i be g(b). Suppose 35 = i*f + 3*z - 120, 15 = 3*z. What is the units digit